Calculate the highest common factor of 31 and 185659.
31
Calculate the greatest common divisor of 3346 and 25956.
14
Calculate the greatest common divisor of 7840 and 4165.
245
What is the greatest common divisor of 4941 and 4209?
183
What is the greatest common factor of 1692398 and 164?
82
Calculate the highest common factor of 1095126 and 222.
222
What is the highest common divisor of 16215 and 3055?
235
What is the greatest common factor of 6104 and 6874?
14
What is the highest common divisor of 302 and 1121326?
302
What is the greatest common factor of 49132 and 57436?
692
Calculate the highest common factor of 202 and 2955866.
202
What is the greatest common divisor of 23 and 975522?
23
Calculate the highest common factor of 1257741 and 37.
37
What is the highest common factor of 368840 and 2480?
40
Calculate the greatest common factor of 13410 and 72.
18
What is the greatest common factor of 37995 and 15?
15
What is the greatest common divisor of 68425 and 8225?
175
Calculate the greatest common divisor of 7946 and 6576.
274
What is the greatest common factor of 210 and 78190?
70
What is the greatest common divisor of 4050 and 66350?
50
What is the highest common divisor of 30 and 3170?
10
Calculate the highest common divisor of 9620 and 11180.
260
Calculate the greatest common factor of 104974 and 20.
2
Calculate the greatest common factor of 140346 and 113.
113
Calculate the greatest common divisor of 326 and 1069443.
163
What is the highest common divisor of 711311 and 2611?
373
What is the greatest common factor of 21 and 695100?
21
Calculate the greatest common factor of 7334 and 21616.
386
Calculate the greatest common factor of 1024 and 46784.
64
What is the greatest common factor of 21459 and 276?
69
Calculate the greatest common factor of 132 and 58509.
33
Calculate the highest common divisor of 855 and 4233.
3
Calculate the greatest common factor of 2674 and 3584.
14
Calculate the greatest common divisor of 989849 and 147.
49
What is the greatest common divisor of 376880 and 196?
28
Calculate the greatest common factor of 18080 and 15520.
160
What is the greatest common factor of 1027152 and 308?
28
What is the greatest common factor of 735 and 343?
49
What is the highest common divisor of 30 and 18728?
2
What is the highest common factor of 10630849 and 29?
29
What is the greatest common divisor of 105 and 9037?
7
What is the highest common divisor of 154986 and 130?
26
What is the highest common divisor of 405 and 222021?
81
Calculate the highest common factor of 34188 and 888.
444
Calculate the greatest common factor of 248 and 14539.
31
What is the highest common divisor of 83 and 6651703?
83
What is the highest common factor of 19883 and 295?
59
Calculate the greatest common factor of 257911 and 1478.
739
What is the greatest common divisor of 39924 and 342?
18
Calculate the greatest common factor of 13392 and 3534.
186
What is the highest common factor of 1430 and 42450?
10
Calculate the greatest common divisor of 1220890 and 726.
242
Calculate the highest common divisor of 8723 and 11297.
143
What is the greatest common factor of 30760 and 280?
40
What is the highest common factor of 68 and 10964?
4
What is the greatest common factor of 8 and 17888?
8
Calculate the greatest common divisor of 63 and 131103.
63
What is the highest common factor of 30888 and 110?
22
What is the highest common divisor of 123 and 31816?
41
What is the greatest common factor of 715 and 1565?
5
Calculate the highest common divisor of 65905 and 807.
269
What is the greatest common divisor of 3820 and 3520?
20
Calculate the highest common factor of 1560 and 31512.
312
What is the greatest common divisor of 1054700 and 2388?
796
Calculate the greatest common factor of 2 and 698.
2
Calculate the highest common divisor of 72 and 2890596.
12
Calculate the highest common divisor of 156 and 2166268.
52
What is the greatest common factor of 38750 and 700?
50
What is the highest common divisor of 177969 and 11?
11
What is the greatest common factor of 20920 and 309093?
523
What is the greatest common divisor of 23608 and 416?
104
What is the highest common divisor of 752 and 128968?
376
What is the greatest common divisor of 3060 and 414?
18
Calculate the highest common factor of 2500 and 980.
20
Calculate the greatest common divisor of 3026920 and 13.
13
Calculate the greatest common factor of 603936 and 466.
466
What is the greatest common factor of 6486 and 3933?
69
What is the greatest common factor of 360 and 49965?
15
Calculate the highest common divisor of 11005 and 45.
5
Calculate the greatest common factor of 52716 and 1587.
69
Calculate the highest common factor of 3636023 and 134.
67
What is the greatest common divisor of 4112 and 2827?
257
Calculate the greatest common factor of 9380 and 2338.
14
Calculate the greatest common divisor of 9102 and 32856.
222
Calculate the greatest common divisor of 435 and 23200.
145
Calculate the highest common divisor of 261923 and 259.
37
What is the greatest common factor of 1241398 and 123?
41
Calculate the greatest common divisor of 5340 and 336.
12
Calculate the greatest common factor of 105922 and 502.
502
Calculate the highest common factor of 5809574 and 604.
302
What is the highest common divisor of 60525 and 50?
25
What is the highest common factor of 27517 and 21?
7
Calculate the highest common divisor of 3 and 667.
1
What is the greatest common factor of 9472 and 111?
37
What is the greatest common factor of 180 and 1611?
9
What is the greatest common divisor of 225191 and 86?
43
Calculate the greatest common factor of 1045 and 23465.
95
What is the greatest common factor of 65200 and 125?
25
What is the greatest common factor of 1382 and 136127?
691
What is the highest common divisor of 319454 and 757?
757
Calculate the highest common factor of 9219 and 1113.
21
Calculate the highest common factor of 484 and 9.
1
What is the highest common factor of 4836 and 2847?
39
Calculate the highest common divisor of 99848 and 84.
28
What is the greatest common factor of 1680107 and 22?
11
Calculate the highest common divisor of 5 and 516965.
5
Calculate the greatest common factor of 7668 and 216.
108
What is the highest common factor of 35 and 461545?
35
What is the greatest common factor of 4520 and 24?
8
Calculate the greatest common divisor of 22489 and 43.
43
What is the highest common factor of 13710 and 750?
30
Calculate the highest common divisor of 1845 and 702.
9
Calculate the greatest common divisor of 573800 and 25.
25
Calculate the greatest common factor of 1248216 and 24.
24
What is the greatest common factor of 64209 and 119?
17
What is the highest common divisor of 24420 and 18876?
132
What is the highest common factor of 39 and 2327?
13
Calculate the highest common divisor of 3078 and 45522.
162
Calculate the greatest common factor of 2 and 1783.
1
Calculate the highest common divisor of 36 and 82548.
36
Calculate the highest common factor of 42629 and 235.
47
Calculate the highest common divisor of 43 and 107.
1
What is the highest common factor of 5940 and 35628?
12
Calculate the greatest common factor of 81 and 59643.
27
What is the highest common divisor of 6590391 and 53?
53
What is the highest common divisor of 5 and 3209455?
5
What is the greatest common factor of 217485 and 45?
45
Calculate the greatest common factor of 16 and 368000.
16
What is the highest common factor of 2793 and 3046232?
931
Calculate the greatest common factor of 50064 and 672.
336
Calculate the highest common divisor of 50 and 6629600.
50
What is the greatest common divisor of 41988 and 60?
12
What is the greatest common divisor of 15632 and 5912?
8
Calculate the highest common factor of 13053 and 57.
57
Calculate the greatest common factor of 191879 and 34.
17
What is the greatest common divisor of 447 and 1776?
3
What is the greatest common divisor of 162405 and 81?
81
Calculate the highest common factor of 8668 and 352.
44
Calculate the highest common divisor of 109360 and 320.
80
Calculate the highest common factor of 207 and 369909.
207
Calculate the highest common factor of 349 and 87948.
349
Calculate the highest common divisor of 460 and 434470.
230
Calculate the greatest common factor of 37712 a